 is divided by a.
8
Let v be 30/12*(-6 - -2). Let h be 46 - (-1 - 2)/(-1). Let l = h - v. Calculate the remainder when l is divided by 14.
11
What is the remainder when 43 is divided by 15/(-6)*414/(-115)?
7
Suppose 47 = 5*i - 3*n, -5*i - 25 = -2*n - 73. What is the remainder when 1476 is divided by i?
6
Let t(j) = -5*j - 3. Suppose -3*z - 2*z = -4*d - 12, 4*d = -3*z + 20. Let a = 22 - d. What is the remainder when t(-8) is divided by a?
17
Suppose 22*s = 1238 + 984. Calculate the remainder when 498 is divided by s.
94
Suppose 3*q + 3*o = 5*q - 6, -5*q = 4*o + 8. What is the remainder when 10/8 + (-3807)/(-324) is divided by (q - -2) + (0 - -2)?
1
Suppose 630 = 5*m + 3*p, -3*m - 5*p = -10*p - 344. What is the remainder when m is divided by 52?
19
What is the remainder when 295 is divided by (-3)/4*1104/(-23)?
7
Let r(q) = 8*q - 63. Let p(s) = -s - 1. Let c(v) = -4*p(v) + r(v). What is the remainder when c(13) is divided by 10?
7
Suppose -7*f = -5*f + 2*h - 238, -h = -f + 109. What is the remainder when f is divided by 20?
14
Suppose 2*i - 3*c - 137 = -13, -c = 0. What is the remainder when i is divided by 7?
6
Suppose 2*z + 398 = 460. What is the remainder when 38 is divided by z?
7
Let s = -1674 - -1914. Calculate the remainder when 721 is divided by s.
1
Suppose 39 = q - 2*z, -3*q + 78 = -q + z. Calculate the remainder when 110 is divided by q.
32
Suppose 0 = -w - 1, 95 = -3*x - w + 352. What is the remainder when 342 is divided by x?
84
Let s = -513 + 579. What is the remainder when s is divided by 34?
32
Suppose 2*k = -t - 32, -49 = 4*t + 4*k + 91. Let j = -12 - t. Calculate the remainder when j is divided by 14.
12
What is the remainder when (240 + -3 - (-3 + -3)) + 4 is divided by 63?
58
Let z = 134 - 126. Suppose -z*w - 154 = -19*w. What is the remainder when w is divided by 3?
2
Suppose -2*h = -i - 8, -2*h + 2 = -0*h + 2*i. Suppose -4 = -a, -3*m + h*a + 25 = 1. Suppose -3*z + 72 = -33. What is the remainder when z is divided by m?
11
Suppose -5*g + 0*g = -3*r - 144, -3*r - 9 = 0. Let l = 467 + -460. Calculate the remainder when g is divided by l.
6
Let c = -7 + 17. Suppose -4*t + 11*p + 140 = 13*p, -p = 3*t - 107. What is the remainder when t is divided by c?
7
Let y(l) = 4*l + 10. Let m = 226 + -123. What is the remainder when m is divided by y(4)?
25
Suppose 0 - 3 = -3*i. What is the remainder when 37 is divided by (4 - i)/((-3)/(-13))?
11
Let x(j) = j**3 - 3*j**2 + 6*j + 37. What is the remainder when 588 is divided by x(0)?
33
Let f(d) = 0*d + 2 - 5*d + 4*d - 20. Calculate the remainder when -2 - -3*(-4)/(-2) is divided by f(-19).
0
Suppose -43*h = n - 46*h - 21, 0 = n + 2*h + 4. Let i = 22 - 7. What is the remainder when i is divided by n?
3
Suppose -24*p + 21*p - 366 = 0. Let l = -61 - p. Calculate the remainder when l is divided by 16.
13
Let i = 19 + -11. Calculate the remainder when (-244)/(-5) - 1/(-5) is divided by 6*1/3 + i.
9
Let k(z) = 7*z + 3. Let l be ((-160)/(-56))/(2/7). Suppose -l = -4*m + 14. What is the remainder when k(m) is divided by 12?
9
Let f = 136 - 79. Let p = -43 + f. Calculate the remainder when 41 is divided by p.
13
Suppose 2*k - 7*k = -900. What is the remainder when k is divided by 31?
25
Let c(b) = -b**2 + 4*b + 66. What is the remainder when 14 is divided by c(10)?
2
Let l(c) = 23*c**3 + c**2 - 3*c + 3. Let z = -8 - -9. Calculate the remainder when 118 is divided by l(z).
22
Suppose -8 = 2*k, -3*k + 6 = -2*o - 0. What is the remainder when ((-15)/o*1)/(2/30) is divided by 13?
12
Let v be (-26)/(-10) - 6/(-15). Suppose 0 = -3*j + 3*b + 60, j = -0*b + 5*b + 32. Calculate the remainder when 755/15 - v/9 is divided by j.
16
Suppose -8*v = -5*o - 3*v + 80, 89 = 5*o - 2*v. What is the remainder when 1632 is divided by o?
17
Let i = -14 + 21. Suppose -i = -y + 3*q, 6*q - 10 = q. Calculate the remainder when 23 is divided by y.
10
Let i(j) = 7*j**2 + 8*j - 19. Calculate the remainder when i(4) is divided by 35.
20
Suppose -2*x - q + 30 + 9 = 0, 51 = 3*x + 4*q. Calculate the remainder when 156 is divided by x.
9
Let f(x) = x**2 + 11*x + 28. Calculate the remainder when (126/30)/((-1)/(-25)) is divided by f(-10).
15
Let p be 30 + (3/9 - (-4)/6). Suppose -p*m + 104 = -27*m. Calculate the remainder when m is divided by 14.
12
Let k = -413 + 514. What is the remainder when k is divided by 27?
20
Let x = -12 + 24. Suppose -2*n = -2*k - x, 4*n - 3*k - 9 = 2*n. Calculate the remainder when n is divided by 4.
1
Let j(m) = 2*m**3 - 5*m**2 - 2*m + 20. What is the remainder when 116 is divided by j(4)?
56
Suppose -g - 12 + 98 = 0. What is the remainder when g is divided by 15?
11
Let b be 3/18 - 4/24. Suppose 0 = -4*a, 2*r - 4*a - 106 = -b*a. Suppose 0 = 4*u - 3*i - 112, 4*u + 5*i = u + 84. Calculate the remainder when r is divided by u.
25
Let n(h) = h**2 + 5*h + 19. What is the remainder when n(-10) is divided by 35?
34
Let y(c) be the second derivative of 29*c**4/6 + 2*c**3/3 + 3*c**2/2 + 8*c. Calculate the remainder when y(-1) is divided by 15.
12
Let b(y) = -6*y + 11. Let v be b(8). Let z = v - -46. What is the remainder when z is divided by 6?
3
Let o be 3/1*15/9. Suppose -2*g - 49 = -5*j, -4 = -o*j - 3*g + 60. Calculate the remainder when 50 is divided by j.
6
Let u(v) be the third derivative of 3*v**5/20 - v**4/6 + v**3/2 - 15*v**2. Calculate the remainder when 53 is divided by u(1).
5
Suppose 2*l - 3*b + 1 - 30 = 0, b = -4*l + 79. What is the remainder when l is divided by 16?
3
Let l = -2567 - -2987. What is the remainder when l is divided by 108?
96
Suppose -35*z + 23*z = -5148. Calculate the remainder when z is divided by 54.
51
Let c(r) = 2*r**2 + 9*r. Let y be c(-5). Calculate the remainder when 19 is divided by 13 - (((-4)/(-4) - 3) + y).
9
Let h(p) = 16*p + 306. Calculate the remainder when 128 is divided by h(-17).
26
Let b = 8 - 4. Suppose -b*k + 12 = -0*k. Suppose 3*h = 2*h + 5. What is the remainder when h is divided by k?
2
Suppose 4*m - 4 = 8. Let s(f) = 9*f + 5. Calculate the remainder when 124 is divided by s(m).
28
What is the remainder when 88/(-3)*(-9)/(-6 + 9) is divided by 9?
7
Let v be 4/14 + 93/(-7). Let d = v - -28. What is the remainder when 43 is divided by 1/(0 - (-1)/d)?
13
Let b(x) = -4*x**3 + 2*x - 2. Let f(y) = 11*y**3 - 5*y + 6. Let h(n) = 8*b(n) + 3*f(n). Calculate the remainder when 106 is divided by h(2).
10
Suppose 2*m - 73 = -3*s + 2*s, -153 = -2*s + 3*m. What is the remainder when s is divided by 11?
9
Suppose 0*m + 3*x = 4*m + 204, -212 = 4*m - 5*x. Let r = -23 - m. Calculate the remainder when r is divided by 13.
12
Suppose 0 = 2*b + b + 4*y - 21, -18 = -2*b - 4*y. Suppose 2*c + 2*c = -4*p + 16, c = b*p - 20. What is the remainder when 25*((-8)/(-20) - 0) is divided by p?
4
Let k = -20 - -32. Calculate the remainder when 20 is divided by k.
8
Suppose 0 = 4*y - 492 - 124. Let r = y + -127. Calculate the remainder when 78 is divided by r.
24
Suppose 14 - 212 = -2*a. Let v = -67 + a. Suppose 3*c - c - 186 = -2*n, -5*c = n - 465. What is the remainder when c is divided by v?
29
Let j = 1353 + -1321. Suppose 0*z = -z + 1. What is the remainder when j is divided by 0/2*z - -12?
8
Let q = 36 - 25. Let h = 4286 - 4273. Calculate the remainder when h is divided by q.
2
Suppose 5*j = -20, 10*v - 12*v + 6 = 2*j. Calculate the remainder when 74 is divided by v.
4
Let k be (1 - (-3 - 0))/(2/3). Suppose k*a - 50 = a. What is the remainder when a is divided by 0 + 1 + 1 + 4?
4
Suppose 692 = 22*u - 408. What is the remainder when 1198 is divided by u?
48
Let z(n) = 3*n - 13. Let l be z(6). Let b = l - 5. Suppose b = -3*k + 31 + 23. Calculate the remainder when 34 is divided by k.
16
Suppose 4*p - 72 = 2*d, -6*p - 4*d = -2*p - 96. Let z = p + 3. Calculate the remainder when 112 is divided by z.
20
Suppose -107 = -4*d - 3*b, 5*d - 131 = -b - 0*b. Suppose k = -l + d, 0*l + 5*k = 3*l - 70. Calculate the remainder when 49 is divided by l.
24
Let a = -89 + 103. Suppose -a - 13 = -h. Calculate the remainder when h is divided by (10/4)/(1/6).
12
Let t(v) = v + 116. Let c be 0 + 0*(2 + (-28)/16). Calculate the remainder when t(c) is divided by 13.
12
Let k(u) = -3*u**3 + 3*u**2 + 2*u + 1. Let l be k(-2). Let h = 42 - 22. What is the remainder when h is divided by (l/(-9))/((-4)/12)?
9
Suppos